{"id":692,"date":"2016-12-09T05:52:06","date_gmt":"2016-12-09T05:52:06","guid":{"rendered":"https:\/\/ninetheme.com\/themes\/foevis\/?page_id=2"},"modified":"2021-01-18T15:38:42","modified_gmt":"2021-01-18T14:38:42","slug":"home","status":"publish","type":"page","link":"https:\/\/caron-design.com\/index.php\/home\/","title":{"rendered":"Home 1"},"content":{"rendered":"<p>[vc_row][vc_column]\n\t\t\t<!-- START homeslider 1 REVOLUTION SLIDER 6.3.5 --><p class=\"rs-p-wp-fix\"><\/p>\n\t\t\t<rs-module-wrap id=\"rev_slider_1_1_wrapper\" data-source=\"gallery\" style=\"background:transparent;padding:0;\">\n\t\t\t\t<rs-module id=\"rev_slider_1_1\" style=\"\" data-version=\"6.3.5\">\n\t\t\t\t\t<rs-slides>\n\t\t\t\t\t\t<rs-slide data-key=\"rs-1\" data-title=\"Slide\" data-thumb=\"\/\/cedriccaron.com\/wp-content\/uploads\/2016\/12\/slider_1.jpg\" data-duration=\"5950\" data-anim=\"ei:d;eo:d;s:d;r:0;t:slideleft;sl:d;\">\n\t\t\t\t\t\t\t<img src=\"\/\/cedriccaron.com\/wp-content\/uploads\/2016\/12\/slider_1.jpg\" title=\"Home 1\" class=\"rev-slidebg\" data-no-retina>\n<!--\n\t\t\t\t\t\t\t--><rs-layer\n\t\t\t\t\t\t\t\tid=\"slider-1-slide-1-layer-1\" \n\t\t\t\t\t\t\t\tclass=\"tp-shape tp-shapewrapper\"\n\t\t\t\t\t\t\t\tdata-type=\"shape\"\n\t\t\t\t\t\t\t\tdata-rsp_ch=\"on\"\n\t\t\t\t\t\t\t\tdata-xy=\"x:c;xo:-892px;y:b;yo:-659px;\"\n\t\t\t\t\t\t\t\tdata-text=\"a:inherit;\"\n\t\t\t\t\t\t\t\tdata-dim=\"w:6000px;h:4000px;\"\n\t\t\t\t\t\t\t\tdata-basealign=\"slide\"\n\t\t\t\t\t\t\t\tdata-wrpcls=\"img-responsive\"\n\t\t\t\t\t\t\t\tdata-frame_0=\"o:1;oX:100%;oY:100%;oZ:100%;\"\n\t\t\t\t\t\t\t\tdata-frame_1=\"oX:100%;oY:100%;oZ:100%;e:none;sp:0;\"\n\t\t\t\t\t\t\t\tdata-frame_999=\"e:nothing;st:w;sp:0;sR:5950;\"\n\t\t\t\t\t\t\t\tstyle=\"z-index:5;background-color:rgba(0,0,0,0.70);width:100%;height:100%;content:\"\";position:absolute;left:0;top:0;pointer-events:none;background:rgba(0, 0, 0, 0.5);\"\n\t\t\t\t\t\t\t> \n\t\t\t\t\t\t\t<\/rs-layer><!--\n\n\t\t\t\t\t\t\t--><rs-layer\n\t\t\t\t\t\t\t\tid=\"slider-1-slide-1-layer-2\" \n\t\t\t\t\t\t\t\tdata-type=\"text\"\n\t\t\t\t\t\t\t\tdata-color=\"rgba(255,255,255,1)\"\n\t\t\t\t\t\t\t\tdata-rsp_ch=\"on\"\n\t\t\t\t\t\t\t\tdata-xy=\"xo:698px;yo:681px;\"\n\t\t\t\t\t\t\t\tdata-text=\"s:40;l:22;a:inherit;\"\n\t\t\t\t\t\t\t\tdata-vbility=\"t,t,f,f\"\n\t\t\t\t\t\t\t\tdata-frame_0=\"sX:0.8;sY:0.8;\"\n\t\t\t\t\t\t\t\tdata-frame_1=\"e:power4.out;st:2000;sp:1500;sR:2000;\"\n\t\t\t\t\t\t\t\tdata-frame_999=\"o:0;st:w;sR:2450;\"\n\t\t\t\t\t\t\t\tstyle=\"z-index:7;font-family:Open Sans;\"\n\t\t\t\t\t\t\t>Designer de votre r\u00e9ussite ! \n\t\t\t\t\t\t\t<\/rs-layer><!--\n\n\t\t\t\t\t\t\t--><rs-layer\n\t\t\t\t\t\t\t\tid=\"slider-1-slide-1-layer-3\" \n\t\t\t\t\t\t\t\tdata-type=\"image\"\n\t\t\t\t\t\t\t\tdata-rsp_ch=\"on\"\n\t\t\t\t\t\t\t\tdata-xy=\"x:c;xo:-2px;y:m;yo:-43px;\"\n\t\t\t\t\t\t\t\tdata-text=\"l:22;a:inherit;\"\n\t\t\t\t\t\t\t\tdata-dim=\"w:['1168px','1168px','1168px','1168px'];h:['336px','336px','336px','336px'];\"\n\t\t\t\t\t\t\t\tdata-frame_0=\"sX:0.8;sY:0.8;\"\n\t\t\t\t\t\t\t\tdata-frame_1=\"e:power4.out;st:1500;sp:2030;sR:1500;\"\n\t\t\t\t\t\t\t\tdata-frame_999=\"o:0;st:w;sR:2420;\"\n\t\t\t\t\t\t\t\tstyle=\"z-index:6;\"\n\t\t\t\t\t\t\t><img src=\"\/\/cedriccaron.com\/wp-content\/uploads\/2021\/01\/CaronDesign_Logo-CS6.png\" width=\"512\" height=\"147\" data-no-retina> \n\t\t\t\t\t\t\t<\/rs-layer><!--\n-->\t\t\t\t\t\t<\/rs-slide>\n\t\t\t\t\t\t<rs-slide data-key=\"rs-2\" data-title=\"Slide\" data-thumb=\"\/\/cedriccaron.com\/wp-content\/uploads\/2016\/12\/slider_3.jpg\" data-duration=\"5950\" data-anim=\"ei:d;eo:d;s:d;t:slideleft;sl:d;\">\n\t\t\t\t\t\t\t<img src=\"\/\/cedriccaron.com\/wp-content\/uploads\/2016\/12\/slider_3.jpg\" title=\"Home 1\" class=\"rev-slidebg\" data-no-retina>\n<!--\n\t\t\t\t\t\t\t--><rs-layer\n\t\t\t\t\t\t\t\tid=\"slider-1-slide-2-layer-1\" \n\t\t\t\t\t\t\t\tclass=\"tp-shape tp-shapewrapper\"\n\t\t\t\t\t\t\t\tdata-type=\"shape\"\n\t\t\t\t\t\t\t\tdata-rsp_ch=\"on\"\n\t\t\t\t\t\t\t\tdata-xy=\"x:c;xo:-272px;y:b;yo:-1343px;\"\n\t\t\t\t\t\t\t\tdata-text=\"a:inherit;\"\n\t\t\t\t\t\t\t\tdata-dim=\"w:6000px;h:4000px;\"\n\t\t\t\t\t\t\t\tdata-basealign=\"slide\"\n\t\t\t\t\t\t\t\tdata-frame_0=\"o:1;oX:100%;oY:100%;oZ:100%;tp:600;\"\n\t\t\t\t\t\t\t\tdata-frame_1=\"oX:100%;oY:100%;oZ:100%;tp:600;e:none;st:0;sp:0;\"\n\t\t\t\t\t\t\t\tdata-frame_999=\"tp:600;st:w;sp:0;sR:5950;\"\n\t\t\t\t\t\t\t\tstyle=\"z-index:5;background-color:rgba(0,0,0,0.70);width:100%;height:100%;content:\"\";position:absolute;left:0;top:0;pointer-events:none;background:rgba(0, 0, 0, 0.5);\"\n\t\t\t\t\t\t\t> \n\t\t\t\t\t\t\t<\/rs-layer><!--\n\n\t\t\t\t\t\t\t--><rs-layer\n\t\t\t\t\t\t\t\tid=\"slider-1-slide-2-layer-3\" \n\t\t\t\t\t\t\t\tdata-type=\"image\"\n\t\t\t\t\t\t\t\tdata-rsp_ch=\"on\"\n\t\t\t\t\t\t\t\tdata-xy=\"x:c;xo:1px;y:m;yo:-1px;\"\n\t\t\t\t\t\t\t\tdata-text=\"l:22;a:inherit;\"\n\t\t\t\t\t\t\t\tdata-dim=\"w:['958px','958px','958px','958px'];h:['243px','243px','243px','243px'];\"\n\t\t\t\t\t\t\t\tdata-frame_0=\"sX:0.8;sY:0.8;tp:600;\"\n\t\t\t\t\t\t\t\tdata-frame_1=\"tp:600;e:power4.out;st:1500;sp:2210;sR:1500;\"\n\t\t\t\t\t\t\t\tdata-frame_999=\"o:0;tp:600;st:w;sR:2240;\"\n\t\t\t\t\t\t\t\tstyle=\"z-index:6;\"\n\t\t\t\t\t\t\t><img src=\"\/\/cedriccaron.com\/wp-content\/uploads\/2016\/12\/slider_2_we_love_yellow.png\" width=\"1055\" height=\"400\" data-no-retina> \n\t\t\t\t\t\t\t<\/rs-layer><!--\n\n\t\t\t\t\t\t\t--><rs-layer\n\t\t\t\t\t\t\t\tid=\"slider-1-slide-2-layer-5\" \n\t\t\t\t\t\t\t\tdata-type=\"text\"\n\t\t\t\t\t\t\t\tdata-color=\"rgba(255,255,255,1)\"\n\t\t\t\t\t\t\t\tdata-rsp_ch=\"on\"\n\t\t\t\t\t\t\t\tdata-xy=\"x:c;xo:-3px;yo:345px;\"\n\t\t\t\t\t\t\t\tdata-text=\"s:130;l:110;fw:800;a:center;\"\n\t\t\t\t\t\t\t\tdata-frame_0=\"sX:0.8;sY:0.8;tp:600;\"\n\t\t\t\t\t\t\t\tdata-frame_1=\"tp:600;e:power4.out;st:2080;sp:1630;sR:2080;\"\n\t\t\t\t\t\t\t\tdata-frame_999=\"o:0;tp:600;st:w;sR:2240;\"\n\t\t\t\t\t\t\t\tstyle=\"z-index:7;font-family:Open Sans;letter-spacing:10px;\"\n\t\t\t\t\t\t\t>foevis \n\t\t\t\t\t\t\t<\/rs-layer><!--\n\n\t\t\t\t\t\t\t--><rs-layer\n\t\t\t\t\t\t\t\tid=\"slider-1-slide-2-layer-2\" \n\t\t\t\t\t\t\t\tdata-type=\"text\"\n\t\t\t\t\t\t\t\tdata-color=\"rgba(255,255,255,1)\"\n\t\t\t\t\t\t\t\tdata-rsp_ch=\"on\"\n\t\t\t\t\t\t\t\tdata-xy=\"x:c;xo:1px;yo:537px;\"\n\t\t\t\t\t\t\t\tdata-text=\"l:22;fw:700;a:center;\"\n\t\t\t\t\t\t\t\tdata-vbility=\"t,t,f,f\"\n\t\t\t\t\t\t\t\tdata-frame_0=\"sX:0.8;sY:0.8;tp:600;\"\n\t\t\t\t\t\t\t\tdata-frame_1=\"tp:600;e:power4.out;st:2510;sp:1190;sR:2510;\"\n\t\t\t\t\t\t\t\tdata-frame_999=\"o:0;tp:600;st:w;sR:2250;\"\n\t\t\t\t\t\t\t\tstyle=\"z-index:8;font-family:Open Sans;text-transform:uppercase;letter-spacing:10px;\"\n\t\t\t\t\t\t\t>enjoy foevis design & possibilities \n\t\t\t\t\t\t\t<\/rs-layer><!--\n-->\t\t\t\t\t\t<\/rs-slide>\n\t\t\t\t\t\t<rs-slide data-key=\"rs-3\" data-title=\"Slide\" data-thumb=\"\/\/cedriccaron.com\/wp-content\/uploads\/2016\/12\/blog_hero.jpg\" data-duration=\"5000\" data-anim=\"ei:d;eo:d;s:d;t:slideleft;sl:d;\">\n\t\t\t\t\t\t\t<img src=\"\/\/cedriccaron.com\/wp-content\/uploads\/2016\/12\/blog_hero.jpg\" title=\"Home 1\" class=\"rev-slidebg\" data-no-retina>\n<!--\n\t\t\t\t\t\t\t--><rs-layer\n\t\t\t\t\t\t\t\tid=\"slider-1-slide-3-layer-1\" \n\t\t\t\t\t\t\t\tclass=\"tp-shape tp-shapewrapper\"\n\t\t\t\t\t\t\t\tdata-type=\"shape\"\n\t\t\t\t\t\t\t\tdata-rsp_ch=\"on\"\n\t\t\t\t\t\t\t\tdata-xy=\"x:c;xo:-1000px;y:b;yo:-301px;\"\n\t\t\t\t\t\t\t\tdata-text=\"fw:700;a:inherit;\"\n\t\t\t\t\t\t\t\tdata-dim=\"w:4000px;h:2000px;\"\n\t\t\t\t\t\t\t\tdata-basealign=\"slide\"\n\t\t\t\t\t\t\t\tdata-frame_0=\"o:1;oX:100%;oY:100%;oZ:100%;tp:600;\"\n\t\t\t\t\t\t\t\tdata-frame_1=\"oX:100%;oY:100%;oZ:100%;tp:600;e:power1.in;st:0;sp:0;\"\n\t\t\t\t\t\t\t\tdata-frame_999=\"tp:600;e:power1.in;st:4990;sp:0;sR:4990;\"\n\t\t\t\t\t\t\t\tstyle=\"z-index:5;background-color:rgba(0,0,0,0.70);\"\n\t\t\t\t\t\t\t> \n\t\t\t\t\t\t\t<\/rs-layer><!--\n\n\t\t\t\t\t\t\t--><rs-layer\n\t\t\t\t\t\t\t\tid=\"slider-1-slide-3-layer-4\" \n\t\t\t\t\t\t\t\tclass=\"text_big\"\n\t\t\t\t\t\t\t\tdata-type=\"text\"\n\t\t\t\t\t\t\t\tdata-color=\"rgba(255,255,255,1)\"\n\t\t\t\t\t\t\t\tdata-rsp_ch=\"on\"\n\t\t\t\t\t\t\t\tdata-xy=\"x:c;xo:90px;y:m;yo:2px;\"\n\t\t\t\t\t\t\t\tdata-text=\"s:120;l:100;fw:700;a:inherit;\"\n\t\t\t\t\t\t\t\tdata-frame_0=\"sX:0.8;sY:0.8;tp:600;\"\n\t\t\t\t\t\t\t\tdata-frame_1=\"tp:600;e:power4.inOut;st:1500;sp:1500;sR:1500;\"\n\t\t\t\t\t\t\t\tdata-frame_999=\"o:0;tp:600;st:4990;sR:1990;\"\n\t\t\t\t\t\t\t\tstyle=\"z-index:6;font-family:Open Sans;\"\n\t\t\t\t\t\t\t> creative. \n\t\t\t\t\t\t\t<\/rs-layer><!--\n\n\t\t\t\t\t\t\t--><rs-layer\n\t\t\t\t\t\t\t\tid=\"slider-1-slide-3-layer-6\" \n\t\t\t\t\t\t\t\tclass=\"text_big\"\n\t\t\t\t\t\t\t\tdata-type=\"text\"\n\t\t\t\t\t\t\t\tdata-color=\"rgba(238,181,1,1)\"\n\t\t\t\t\t\t\t\tdata-rsp_ch=\"on\"\n\t\t\t\t\t\t\t\tdata-xy=\"x:c;xo:-279px;y:m;yo:2px;\"\n\t\t\t\t\t\t\t\tdata-text=\"s:120;l:100;fw:700;a:inherit;\"\n\t\t\t\t\t\t\t\tdata-frame_0=\"sX:0.8;sY:0.8;tp:600;\"\n\t\t\t\t\t\t\t\tdata-frame_1=\"tp:600;e:power4.inOut;st:1500;sp:1500;sR:1500;\"\n\t\t\t\t\t\t\t\tdata-frame_999=\"o:0;tp:600;st:4990;sR:1990;\"\n\t\t\t\t\t\t\t\tstyle=\"z-index:7;font-family:Open Sans;\"\n\t\t\t\t\t\t\t>be \n\t\t\t\t\t\t\t<\/rs-layer><!--\n\n\t\t\t\t\t\t\t--><rs-layer\n\t\t\t\t\t\t\t\tid=\"slider-1-slide-3-layer-5\" \n\t\t\t\t\t\t\t\tclass=\"text_big\"\n\t\t\t\t\t\t\t\tdata-type=\"text\"\n\t\t\t\t\t\t\t\tdata-color=\"rgba(178,178,178,1)\"\n\t\t\t\t\t\t\t\tdata-rsp_ch=\"on\"\n\t\t\t\t\t\t\t\tdata-xy=\"x:c;yo:337px;\"\n\t\t\t\t\t\t\t\tdata-text=\"s:28;l:36;a:inherit;\"\n\t\t\t\t\t\t\t\tdata-vbility=\"t,t,f,f\"\n\t\t\t\t\t\t\t\tdata-frame_0=\"sX:0.8;sY:0.8;tp:600;\"\n\t\t\t\t\t\t\t\tdata-frame_1=\"tp:600;e:power4.inOut;st:2000;sp:1000;sR:2000;\"\n\t\t\t\t\t\t\t\tdata-frame_999=\"o:0;tp:600;st:4990;sR:1990;\"\n\t\t\t\t\t\t\t\tstyle=\"z-index:8;font-family:Open Sans;\"\n\t\t\t\t\t\t\t>simple things make big themes \n\t\t\t\t\t\t\t<\/rs-layer><!--\n-->\t\t\t\t\t\t<\/rs-slide>\n\t\t\t\t\t<\/rs-slides>\n\t\t\t\t<\/rs-module>\n\t\t\t\t<script type=\"text\/javascript\">\n\t\t\t\t\tsetREVStartSize({c: 'rev_slider_1_1',rl:[1240,1024,778,480],el:[868,768,960,720],gw:[1240,1024,778,480],gh:[868,768,960,720],type:'standard',justify:'',layout:'fullscreen',offsetContainer:'',offset:'',mh:\"0\"});\n\t\t\t\t\tvar\trevapi1,\n\t\t\t\t\t\ttpj;\n\t\t\t\t\tfunction revinit_revslider11() {\n\t\t\t\t\tjQuery(function() {\n\t\t\t\t\t\ttpj = jQuery;\n\t\t\t\t\t\trevapi1 = tpj(\"#rev_slider_1_1\");\n\t\t\t\t\t\tif(revapi1==undefined || revapi1.revolution == undefined){\n\t\t\t\t\t\t\trevslider_showDoubleJqueryError(\"rev_slider_1_1\");\n\t\t\t\t\t\t}else{\n\t\t\t\t\t\t\trevapi1.revolution({\n\t\t\t\t\t\t\t\tsliderLayout:\"fullscreen\",\n\t\t\t\t\t\t\t\tdottedOverlay:\"threexthree\",\n\t\t\t\t\t\t\t\tvisibilityLevels:\"1240,1024,778,480\",\n\t\t\t\t\t\t\t\tgridwidth:\"1240,1024,778,480\",\n\t\t\t\t\t\t\t\tgridheight:\"868,768,960,720\",\n\t\t\t\t\t\t\t\tspinner:\"spinner0\",\n\t\t\t\t\t\t\t\tperspective:600,\n\t\t\t\t\t\t\t\tperspectiveType:\"local\",\n\t\t\t\t\t\t\t\teditorheight:\"868,768,960,720\",\n\t\t\t\t\t\t\t\tresponsiveLevels:\"1240,1024,778,480\",\n\t\t\t\t\t\t\t\tprogressBar:{disableProgressBar:true},\n\t\t\t\t\t\t\t\tnavigation: {\n\t\t\t\t\t\t\t\t\tmouseScrollNavigation:false,\n\t\t\t\t\t\t\t\t\twheelCallDelay:1000,\n\t\t\t\t\t\t\t\t\tonHoverStop:false,\n\t\t\t\t\t\t\t\t\tarrows: {\n\t\t\t\t\t\t\t\t\t\tenable:true,\n\t\t\t\t\t\t\t\t\t\tstyle:\"custom\",\n\t\t\t\t\t\t\t\t\t\thide_onmobile:true,\n\t\t\t\t\t\t\t\t\t\thide_onleave:true,\n\t\t\t\t\t\t\t\t\t\trtl:true,\n\t\t\t\t\t\t\t\t\t\tleft: {\n\t\t\t\t\t\t\t\t\t\t\tv_align:\"bottom\",\n\t\t\t\t\t\t\t\t\t\t\tv_offset:150\n\t\t\t\t\t\t\t\t\t\t},\n\t\t\t\t\t\t\t\t\t\tright: {\n\t\t\t\t\t\t\t\t\t\t\th_align:\"left\",\n\t\t\t\t\t\t\t\t\t\t\tv_align:\"bottom\",\n\t\t\t\t\t\t\t\t\t\t\th_offset:120,\n\t\t\t\t\t\t\t\t\t\t\tv_offset:150\n\t\t\t\t\t\t\t\t\t\t}\n\t\t\t\t\t\t\t\t\t}\n\t\t\t\t\t\t\t\t},\n\t\t\t\t\t\t\t\tfallbacks: {\n\t\t\t\t\t\t\t\t\tallowHTML5AutoPlayOnAndroid:true\n\t\t\t\t\t\t\t\t},\n\t\t\t\t\t\t\t});\n\t\t\t\t\t\t}\n\t\t\t\t\t\t\n\t\t\t\t\t});\n\t\t\t\t\t} \/\/ End of RevInitScript\n\t\t\t\tvar once_revslider11 = false;\n\t\t\t\tif (document.readyState === \"loading\") {document.addEventListener('readystatechange',function() { if((document.readyState === \"interactive\" || document.readyState === \"complete\") && !once_revslider11 ) { once_revslider11 = true; revinit_revslider11();}});} else {once_revslider11 = true; revinit_revslider11();}\n\t\t\t\t<\/script>\n\t\t\t\t<script>\n\t\t\t\t\tvar htmlDivCss = unescape(\"%23rev_slider_1_1_wrapper%20.custom.tparrows%20%7B%0A%09cursor%3Apointer%3B%0A%09background%3A%23000%3B%0A%09background%3Argba%280%2C0%2C0%2C0.5%29%3B%0A%09width%3A40px%3B%0A%09height%3A40px%3B%0A%09position%3Aabsolute%3B%0A%09display%3Ablock%3B%0A%09z-index%3A1000%3B%0A%7D%0A%23rev_slider_1_1_wrapper%20.custom.tparrows%3Ahover%20%7B%0A%09background%3A%23000%3B%0A%7D%0A%23rev_slider_1_1_wrapper%20.custom.tparrows%3Abefore%20%7B%0A%09font-family%3A%20%27revicons%27%3B%0A%09font-size%3A15px%3B%0A%09color%3A%23fff%3B%0A%09display%3Ablock%3B%0A%09line-height%3A%2040px%3B%0A%09text-align%3A%20center%3B%0A%7D%0A%23rev_slider_1_1_wrapper%20.custom.tparrows.tp-leftarrow%3Abefore%20%7B%0A%09content%3A%20%27%5Ce824%27%3B%0A%7D%0A%23rev_slider_1_1_wrapper%20.custom.tparrows.tp-rightarrow%3Abefore%20%7B%0A%09content%3A%20%27%5Ce825%27%3B%0A%7D%0A%0A%0A\");\n\t\t\t\t\tvar htmlDiv = document.getElementById('rs-plugin-settings-inline-css');\n\t\t\t\t\tif(htmlDiv) {\n\t\t\t\t\t\thtmlDiv.innerHTML = htmlDiv.innerHTML + htmlDivCss;\n\t\t\t\t\t}else{\n\t\t\t\t\t\tvar htmlDiv = document.createElement('div');\n\t\t\t\t\t\thtmlDiv.innerHTML = '<style>' + htmlDivCss + '<\/style>';\n\t\t\t\t\t\tdocument.getElementsByTagName('head')[0].appendChild(htmlDiv.childNodes[0]);\n\t\t\t\t\t}\n\t\t\t\t<\/script>\n\t\t\t\t<script>\n\t\t\t\t\tvar htmlDivCss = unescape(\"%0A%0A%0A\");\n\t\t\t\t\tvar htmlDiv = document.getElementById('rs-plugin-settings-inline-css');\n\t\t\t\t\tif(htmlDiv) {\n\t\t\t\t\t\thtmlDiv.innerHTML = htmlDiv.innerHTML + htmlDivCss;\n\t\t\t\t\t}else{\n\t\t\t\t\t\tvar htmlDiv = document.createElement('div');\n\t\t\t\t\t\thtmlDiv.innerHTML = '<style>' + htmlDivCss + '<\/style>';\n\t\t\t\t\t\tdocument.getElementsByTagName('head')[0].appendChild(htmlDiv.childNodes[0]);\n\t\t\t\t\t}\n\t\t\t\t<\/script>\n\t\t\t<\/rs-module-wrap>\n\t\t\t<!-- END REVOLUTION SLIDER -->\n[\/vc_column][\/vc_row][vc_row][vc_column]<!-- About us --><section id=\"about\" class=\"about\"><div class=\"container\"><div class=\"row\"><div class=\"col-md-7 first_big_section\"><img src=\"https:\/\/caron-design.com\/wp-content\/uploads\/2021\/01\/Page-de-garde-presentation.jpg\" alt=\"about\"><\/div><div class=\"col-md-5 second_big_section\"><h2 >A propos<\/h2><p >\u275dJ\u2019aime porter un projet de l\u2019id\u00e9e \u00e0 la production, du concept produit<br \/>\nau prototypage.<\/p>\n<p>J\u2019ai une bonne connaissance des processus industriels li\u00e9s \u00e0 la conception, au d\u00e9veloppement et \u00e0 la r\u00e9alisation d\u2019un produit.\u275e<\/p><a href=\"http:\/\/cedriccaron.com\/index.php\/about\/\" class=\"btn_foevis btn_foevis_default\">Encore plus<\/a><\/div><\/div><\/div><!-- Progress steps --><section id=\"progress_steps\" class=\"progress_steps\"><div class=\"container\"><div class=\"row\"><div class=\"col-md-3 step\"><h4>idea<\/h4><p>Morbi pharetra sollicitudi arcu idvo lutpat metus blandit in aliquam<\/p><p class=\"number\">01<\/p><\/div><div class=\"col-md-3 step\"><h4>concept<\/h4><p>Morbi pharetra sollicitudi arcu idvo lutpat metus blandit in aliquam<\/p><p class=\"number\">02<\/p><\/div><div class=\"col-md-3 step\"><h4>design<\/h4><p>Morbi pharetra sollicitudi arcu idvo lutpat metus blandit in aliquam<\/p><p class=\"number\">03<\/p><\/div><div class=\"col-md-3 step\"><h4>coding<\/h4><p>Morbi pharetra sollicitudi arcu idvo lutpat metus blandit in aliquam<\/p><p class=\"number\">04<\/p><\/div><\/div><\/div><\/section><\/section>[\/vc_column][\/vc_row][vc_row][vc_column]<!-- Projects --><section id=\"projects\" class=\"projects vc_custom_1610980422346\"><div class=\"container\"><div class=\"row\"><div class=\"col-md-5\"><h2 >Notre d\u00e9marche cr\u00e9ative<\/h2><p >Lorem ipsum dolor sit amet, consectetur adipiscing elitestib ulum eleifend massa augue, quis mollis magna efficitur egeuscds pendisse potenti. Proin egestas ex neque, at hendrerit justo placerat nonuis a est nec sapien<\/p><a href=\"http:\/\/cedriccaron.com\/index.php\/services\/\" class=\"btn_foevis btn_foevis_stroke\">Encore plus<\/a><\/div><\/div><\/div><\/section>[\/vc_column][\/vc_row][vc_row][vc_column]<!-- Services --><section id=\"services\" class=\"services\"><div class=\"container\"><div class=\"row row_services\"><div class=\"col-md-4 service\"><div class=\"icon\" ><i  class=\"icon-star\"><\/i><\/div><div class=\"text\"><h5 >Premier contact<\/h5><p >Echange sur vos objectifs, besoins et contraintes<\/p><\/div><\/div><div class=\"col-md-4 service\"><div class=\"icon\" ><i  class=\"icon-paper-clip\"><\/i><\/div><div class=\"text\"><h5 >Recherche & cr\u00e9ation<\/h5><p >Recherche de solutions innovantes et adapt\u00e9es \u00e0 votre projet<\/p><\/div><\/div><div class=\"col-md-4 service\"><div class=\"icon\" ><i  class=\"icon-paper-plane\"><\/i><\/div><div class=\"text\"><h5 >Ajustement & validation<\/h5><p >Etude et validation esth\u00e9tique de la proposition retenue<\/p><\/div><\/div><div class=\"col-md-4 service\"><div class=\"icon\" ><i  class=\"icon-rocket\"><\/i><\/div><div class=\"text\"><h5 >Mod\u00e9lisation 3D<\/h5><p >Cr\u00e9ation d'un produit en 3D, concr\u00e9tisation de votre projet<\/p><\/div><\/div><div class=\"col-md-4 service\"><div class=\"icon\" ><i  class=\"icon-layers\"><\/i><\/div><div class=\"text\"><h5 >Ajustement & validation<\/h5><p >Etude et validation technique de votre produit<\/p><\/div><\/div><div class=\"col-md-4 service\"><div class=\"icon\" ><i  class=\"icon-screen-tablet\"><\/i><\/div><div class=\"text\"><h5 >Rendus 3D<\/h5><p >Repr\u00e9sentation de votre produit en image de synth\u00e8se (couleur, texture, mat\u00e9riaux)<\/p><\/div><\/div><div class=\"col-md-4 service\"><div class=\"icon\" ><i  class=\"icon-diamond\"><\/i><\/div><div class=\"text\"><h5 >Animation 3D<\/h5><p >Animation studio de votre produit (360\u00b0, \u00e9clat\u00e9 de pi\u00e8ces, montage & d\u00e9montage, gamme produit)<\/p><\/div><\/div><div class=\"col-md-4 service\"><div class=\"icon\" ><i  class=\"icon-equalizer\"><\/i><\/div><div class=\"text\"><h5 >Prototypage<\/h5><p >R\u00e9alisation de votre produit en impression 3D (pla, pet-G, caoutchouc, bois)<\/p><\/div><\/div><div class=\"col-md-4 service\"><div class=\"icon\" ><i  class=\"icon-vector\"><\/i><\/div><div class=\"text\"><h5 >Export<\/h5><p >Mise en plan design, dxf, dwg pour la fabrication<\/p><\/div><\/div><\/div><\/div><\/section>[\/vc_column][\/vc_row][vc_row][vc_column]<!-- Mobile section --><section id=\"mobile\" class=\"mobile\"><div class=\"half_light_grey_bg\"><\/div><div class=\"half_primary_color_bg\"><\/div><div class=\"container mobile_container\"><div class=\"row\"><div class=\"col-md-5 first_big_section\"><img id=\"mobile_img\" src=\"https:\/\/caron-design.com\/wp-content\/uploads\/2016\/12\/home_mobile_yellow.png\" alt=\"mobile\"><\/div><div class=\"col-md-5 col-md-offset-2 second_big_section\"><h2>Des concepts innovants<\/h2><p>Suspendisse eget velit ut augue commodo pretium in sit amet nisi. Pellentesque efficitur tristique odio mollis lobortis ulum ut massa viverra, iaculis ipsum interdum, venenatis tortor Aliquam venenatis augue non velit dignissim auctor. Curabitur bibendum eros sit amet metus vestibulum<\/p><a href=\"http:\/\/cedriccaron.com\/index.php\/works\/\" class=\"btn_foevis btn_foevis_stroke_white\">Encore plus<\/a><\/div><\/div><\/div><\/section>[\/vc_column][\/vc_row][vc_row][vc_column]<!-- Portfolio --><section  id=\"portfolio\" class=\"portfolio\"><div class=\"container\"><div class=\"row\"><div class=\"col-md-5 first_big_section\"><h2>Derni\u00e8res cr\u00e9ations<\/h2><div class=\"cycle-slideshow\"\n\t\t\t\t\t\tdata-cycle-fx=\"fade\"\n\t\t\t\t\t    data-cycle-timeout=\"0\"\n\t\t\t\t\t    data-cycle-slides=\"> div\"\n\t\t\t\t\t    data-cycle-prev=\".up\"\n\t\t\t\t\t    data-cycle-next=\".down\"\n\t\t\t\t\t    data-cycle-caption=\".portfolio_number\"\n\t\t\t\t\t    data-cycle-caption-template=\"{{cycleTitle}}\"\n\t\t\t\t\t    ><div class=\"portfolio_1\" data-cycle-title=\"1\"><h5>Ampoule d\u00e9tecteur de fum\u00e9e BW1.1<\/h5><p><p>La ConnectLed BW1.1, est une ampoule LED Wifi, premi\u00e8re en son genre, qui cumule 2 fonctions principales : \u00e9clairer et d\u00e9tecter la fum\u00e9e.<br>En \u00e9dition deluxe, une \u00e9paisse bande de chrome habille l'ampoule.<\/p>\n<p>Le prototype a \u00e9t\u00e9 r\u00e9ali<\/p><a href=\"https:\/\/caron-design.com\/index.php\/portfolio\/ampoule-detecteur-de-fumee-bw1-1\/\" class=\"btn_foevis btn_foevis_default\">view project<\/a><\/div><div class=\"portfolio_2\" data-cycle-title=\"2\"><h5>Arbor-essence<\/h5><p><p>Le d\u00e9fi \u00e9tait de reproduire \u00e0 l\u2019identique le relief de l\u2019\u00e9corce d'un ch\u00eane centenaire issu des for\u00eats du Perche. Cr\u00e9er le fichier num\u00e9rique issu de cette op\u00e9ration et l'adapt\u00e9 sur une \u00ab machine \u00e0 sculpter 5 axes.<br>\nUn grand proje<\/p><a href=\"https:\/\/caron-design.com\/index.php\/portfolio\/arbor-essence\/\" class=\"btn_foevis btn_foevis_default\">view project<\/a><\/div><div class=\"portfolio_3\" data-cycle-title=\"3\"><h5>Borne parapluie<\/h5><p><p>La borne parapluie est une borne tactile abritant 4 Ipads. Cette borne a \u00e9t\u00e9 con\u00e7u pour une utilisation en centre commerciaux pour la r\u00e9gion Lorraine.<\/p>\n<p>Chaque caisson permet d'abriter diff\u00e9rentes tailles d'\u00e9cran et de tablettes tactile<\/p><a href=\"https:\/\/caron-design.com\/index.php\/portfolio\/borne-tactile-parapluie\/\" class=\"btn_foevis btn_foevis_default\">view project<\/a><\/div><\/div><\/div><div class=\"col-md-6 second_big_section\"><div class=\"cycle-slideshow\"\n\t\t\t\t\t\tdata-cycle-fx=\"scrollVert\"\n\t\t\t\t\t    data-cycle-timeout=\"0\"\n\t\t\t\t\t    data-cycle-prev=\".up\"\n\t\t\t\t\t    data-cycle-next=\".down\"\n\t\t\t\t\t    ><img width=\"960\" height=\"762\" src=\"https:\/\/caron-design.com\/wp-content\/uploads\/2016\/12\/AMPOULE-WIFI-ETIQUETTE-1024x813.jpg\" class=\"attachment-large size-large wp-post-image\" alt=\"Agence DE LUSSAC\" loading=\"lazy\" srcset=\"https:\/\/caron-design.com\/wp-content\/uploads\/2016\/12\/AMPOULE-WIFI-ETIQUETTE-1024x813.jpg 1024w, https:\/\/caron-design.com\/wp-content\/uploads\/2016\/12\/AMPOULE-WIFI-ETIQUETTE-e1610635500265-600x476.jpg 600w, https:\/\/caron-design.com\/wp-content\/uploads\/2016\/12\/AMPOULE-WIFI-ETIQUETTE-300x238.jpg 300w, https:\/\/caron-design.com\/wp-content\/uploads\/2016\/12\/AMPOULE-WIFI-ETIQUETTE-768x610.jpg 768w, https:\/\/caron-design.com\/wp-content\/uploads\/2016\/12\/AMPOULE-WIFI-ETIQUETTE-e1610635500265.jpg 1000w\" sizes=\"(max-width: 960px) 100vw, 960px\" \/><img width=\"960\" height=\"692\" src=\"https:\/\/caron-design.com\/wp-content\/uploads\/2020\/12\/interface-utilisateur-smartphone-cedriccaron-bellwyson-thomas-de-lussac-ampoule-detecteur-de-fumee-paris-02-scaled-e1612170973422.jpg\" class=\"attachment-large size-large wp-post-image\" alt=\"\" loading=\"lazy\" \/><img width=\"680\" height=\"1024\" src=\"https:\/\/caron-design.com\/wp-content\/uploads\/2017\/01\/borne-seule-e1610642040291.png\" class=\"attachment-large size-large wp-post-image\" alt=\"Borne parapluie\" loading=\"lazy\" srcset=\"https:\/\/caron-design.com\/wp-content\/uploads\/2017\/01\/borne-seule-e1610642040291.png 1000w, https:\/\/caron-design.com\/wp-content\/uploads\/2017\/01\/borne-seule-e1610642040291-600x904.png 600w\" sizes=\"(max-width: 680px) 100vw, 680px\" \/><\/div><\/div><div class=\"col-md-1 third_big_section arrows_controls\"><a href=\"#\" class=\"up\"><i class=\"fa fa-long-arrow-up\"><\/i><\/a><div class=\"portfolio_number\"><\/div><a href=\"#\" class=\"down\"><i class=\"fa fa-long-arrow-down\"><\/i><\/a><\/div><\/div><\/div><\/section>[\/vc_column][\/vc_row][vc_row][vc_column]<!-- Clients logos --><section id=\"clients\" class=\"clients\"><div class=\"container\"><div class=\"row\"><div class=\"col-md-2 col-sm-4 client_logo clm first_big_section\"><img src=\"https:\/\/caron-design.com\/wp-content\/uploads\/2016\/12\/home_client_5.png\" alt=\"client\" \/><\/div><div class=\"col-md-2 col-sm-4 client_logo clm first_big_section\"><img src=\"https:\/\/caron-design.com\/wp-content\/uploads\/2016\/12\/home_client_4.png\" alt=\"client\" \/><\/div><div class=\"col-md-2 col-sm-4 client_logo clm first_big_section\"><img src=\"https:\/\/caron-design.com\/wp-content\/uploads\/2016\/12\/home_client_3.png\" alt=\"client\" \/><\/div><div class=\"col-md-2 col-sm-4 client_logo clm first_big_section\"><img src=\"https:\/\/caron-design.com\/wp-content\/uploads\/2016\/12\/home_client_2.png\" alt=\"client\" \/><\/div><div class=\"col-md-2 col-sm-4 client_logo clm first_big_section\"><img src=\"https:\/\/caron-design.com\/wp-content\/uploads\/2016\/12\/home_client_1.png\" alt=\"client\" \/><\/div><div class=\"col-md-2 col-sm-4 client_logo clm first_big_section\"><img src=\"https:\/\/caron-design.com\/wp-content\/uploads\/2016\/12\/home_client_5.png\" alt=\"client\" \/><\/div><\/div><\/div><\/section>[\/vc_column][\/vc_row]<\/p>\n","protected":false},"excerpt":{"rendered":"<p>[vc_row][vc_column][\/vc_column][\/vc_row][vc_row][vc_column][\/vc_column][\/vc_row][vc_row][vc_column][\/vc_column][\/vc_row][vc_row][vc_column][\/vc_column][\/vc_row][vc_row][vc_column][\/vc_column][\/vc_row][vc_row][vc_column][\/vc_column][\/vc_row][vc_row][vc_column][\/vc_column][\/vc_row]<\/p>\n","protected":false},"author":1,"featured_media":0,"parent":0,"menu_order":0,"comment_status":"open","ping_status":"open","template":"one-page-template.php","meta":[],"_links":{"self":[{"href":"https:\/\/caron-design.com\/index.php\/wp-json\/wp\/v2\/pages\/692"}],"collection":[{"href":"https:\/\/caron-design.com\/index.php\/wp-json\/wp\/v2\/pages"}],"about":[{"href":"https:\/\/caron-design.com\/index.php\/wp-json\/wp\/v2\/types\/page"}],"author":[{"embeddable":true,"href":"https:\/\/caron-design.com\/index.php\/wp-json\/wp\/v2\/users\/1"}],"replies":[{"embeddable":true,"href":"https:\/\/caron-design.com\/index.php\/wp-json\/wp\/v2\/comments?post=692"}],"version-history":[{"count":2,"href":"https:\/\/caron-design.com\/index.php\/wp-json\/wp\/v2\/pages\/692\/revisions"}],"predecessor-version":[{"id":1006,"href":"https:\/\/caron-design.com\/index.php\/wp-json\/wp\/v2\/pages\/692\/revisions\/1006"}],"wp:attachment":[{"href":"https:\/\/caron-design.com\/index.php\/wp-json\/wp\/v2\/media?parent=692"}],"curies":[{"name":"wp","href":"https:\/\/api.w.org\/{rel}","templated":true}]}}